{"id":6,"date":"2013-06-10T19:30:22","date_gmt":"2013-06-10T17:30:22","guid":{"rendered":"http:\/\/www.foerderkreis-cvo.de\/wordpress\/?page_id=6"},"modified":"2016-01-22T12:02:20","modified_gmt":"2016-01-22T10:02:20","slug":"der-verein","status":"publish","type":"page","link":"https:\/\/www.foerderkreis-cvo.de\/?page_id=6","title":{"rendered":"Der Verein"},"content":{"rendered":"<p>Der F\u00f6rderkreis der <strong>Carl-von-Ossietzky-Schule<\/strong> e.V. gr\u00fcndete sich am 10. Januar 1996 und entstand aus der Idee heraus, dass ein F\u00f6rderkreis durch regelm\u00e4\u00dfig eingehende\u00a0 Mitgliedsbeitr\u00e4ge, die Schule mit zus\u00e4tzlichen finanziellen Mitteln versorgen kann, dass er als <strong>Institution<\/strong> berechtigt ist, juristische Vertr\u00e4ge zu schlie\u00dfen, wo die Schule selber oder der Schulelternbeirat (SEB) es nicht d\u00fcrfen und dass er f\u00fcr alle Interessierten die M\u00f6glichkeit einer vielf\u00e4ltigen, kontinuierlichen Unterst\u00fctzung der Carl-von-Ossietzky-Schule schafft.<br \/>\nDerzeit hat der F\u00f6rderkreis 140 Mitglieder (Anfang 2016). Die Mitgliederschaft setzt sich aus den Eltern der aktuell die Schule besuchenden Sch\u00fclerinnen und Sch\u00fcler, Lehrerinnen und Lehrer, auch vielen Eltern, deren Kinder die Schule nicht mehr besuchen und die bereit sind, weiterhin einen <strong>unterst\u00fctzenden Beitrag<\/strong> zu leisten und zunehmend ehemalige Sch\u00fcler und Sch\u00fclerinnen, die sich f\u00fcr die Schule engagieren wollen, zusammen.<br \/>\nDie\u00a0<strong>fast\u00a020 Jahre\u00a0Geschichte<\/strong> des F\u00f6rderkreises beweist, dass es viel zu tun gibt und vieles erreicht werden kann. Durch das Beitragsaufkommen und Spenden wurden in der Vergangenheit viele wichtige und n\u00fctzliche Dinge angeschafft, auf die die Schule andernfalls h\u00e4tte verzichten m\u00fcssen:<\/p>\n<p><strong>Technische Ger\u00e4te<\/strong> wie Mikroskope, Videorecorder, Videoprojektor, Kamera, Drucker und eine Geschirrsp\u00fclmaschine; dar\u00fcber hinaus Ausstellungsvitrinen, Medienkoffer, Sport-Trikots und -Ger\u00e4te, CDs, Plakataufsteller, fremdsprachige Zeitschriften und B\u00fccher.<\/p>\n<p>Konkret unterst\u00fctzt der F\u00f6rderkreis auch <strong>andere Projekte der Schule<\/strong>:<\/p>\n<div id=\"attachment_267\" style=\"width: 306px\" class=\"wp-caption alignright\"><img loading=\"lazy\" decoding=\"async\" aria-describedby=\"caption-attachment-267\" class=\"size-medium wp-image-267\" src=\"http:\/\/www.foerderkreis-cvo.de\/wp-content\/uploads\/Bibliothek-296x300.jpg\" alt=\"Die Bibliothek wird ma\u00dfgeblich durch den F\u00f6rderkreis unterst\u00fctzt.\" width=\"296\" height=\"300\" srcset=\"https:\/\/www.foerderkreis-cvo.de\/wp-content\/uploads\/Bibliothek-296x300.jpg 296w, https:\/\/www.foerderkreis-cvo.de\/wp-content\/uploads\/Bibliothek-1010x1024.jpg 1010w\" sizes=\"auto, (max-width: 296px) 100vw, 296px\" \/><p id=\"caption-attachment-267\" class=\"wp-caption-text\">Die Bibliothek wird ma\u00dfgeblich durch den F\u00f6rderkreis unterst\u00fctzt.<\/p><\/div>\n<ul>\n<li><span style=\"font-family: Arial;\">Wir unterst\u00fctzen den <strong>Austausch mit der Partnerschule in Moskau<\/strong> und<\/span><span style=\"font-family: Arial;\">erm\u00f6glichen es so Jahr f\u00fcr Jahr vielen Sch\u00fclern spannende und n\u00fctzliche Erfahrungen zu sammeln<\/span><\/li>\n<li><span style=\"font-family: Arial;\"><span style=\"font-family: Arial;\">Wir leisten Unterst\u00fctzung f\u00fcr den <strong>Israel-Austausch<\/strong> und sind besonders stolz, dieses au\u00dfergew\u00f6hnliche Projekt f\u00f6rdern zu k\u00f6nnen.<\/span><\/span><\/li>\n<li>Wir leisten einen erheblichen Beitrag um die Kosten f\u00fcr die <strong>Verdun-Fahrt<\/strong> f\u00fcr die Sch\u00fcler gering zu halten.<\/li>\n<li><span style=\"font-family: Arial;\">Der F\u00f6rderkreis \u00fcbernimmt einen Teil der anfallenden Kosten f\u00fcr die Teilnahme am <strong>European School Network<\/strong>.<\/span><\/li>\n<li><span style=\"font-family: Arial;\">Die Aushilfe der <strong>Schulbibliothek<\/strong> wird vom F\u00f6rderkreis entlohnt.<\/span><\/li>\n<\/ul>\n<p>&nbsp;<\/p>\n<p>Neben der materiellen Unterst\u00fctzung ist es eine wesentliche Aufgabe des F\u00f6rderkreises <strong>Vertragspartner<\/strong> zu sein: Z. B. gegen\u00fcber den Vermietern der R\u00e4umlichkeiten des Abi-Balles oder gegen\u00fcber dem Arbeitsamt, w\u00e4hrend der zweij\u00e4hrigen Besch\u00e4ftigung einer ABM-Kraft.<\/p>\n","protected":false},"excerpt":{"rendered":"<p>Der F\u00f6rderkreis der Carl-von-Ossietzky-Schule e.V. gr\u00fcndete sich am 10. Januar 1996 und entstand aus der Idee heraus, dass ein F\u00f6rderkreis durch regelm\u00e4\u00dfig eingehende\u00a0 Mitgliedsbeitr\u00e4ge, die Schule mit zus\u00e4tzlichen finanziellen Mitteln versorgen kann, dass er als Institution berechtigt ist, juristische Vertr\u00e4ge &hellip; <a href=\"https:\/\/www.foerderkreis-cvo.de\/?page_id=6\">Weiterlesen <span class=\"meta-nav\">&rarr;<\/span><\/a><\/p>\n","protected":false},"author":1,"featured_media":0,"parent":0,"menu_order":0,"comment_status":"closed","ping_status":"open","template":"","meta":{"footnotes":""},"class_list":["post-6","page","type-page","status-publish","hentry"],"_links":{"self":[{"href":"https:\/\/www.foerderkreis-cvo.de\/index.php?rest_route=\/wp\/v2\/pages\/6","targetHints":{"allow":["GET"]}}],"collection":[{"href":"https:\/\/www.foerderkreis-cvo.de\/index.php?rest_route=\/wp\/v2\/pages"}],"about":[{"href":"https:\/\/www.foerderkreis-cvo.de\/index.php?rest_route=\/wp\/v2\/types\/page"}],"author":[{"embeddable":true,"href":"https:\/\/www.foerderkreis-cvo.de\/index.php?rest_route=\/wp\/v2\/users\/1"}],"replies":[{"embeddable":true,"href":"https:\/\/www.foerderkreis-cvo.de\/index.php?rest_route=%2Fwp%2Fv2%2Fcomments&post=6"}],"version-history":[{"count":14,"href":"https:\/\/www.foerderkreis-cvo.de\/index.php?rest_route=\/wp\/v2\/pages\/6\/revisions"}],"predecessor-version":[{"id":370,"href":"https:\/\/www.foerderkreis-cvo.de\/index.php?rest_route=\/wp\/v2\/pages\/6\/revisions\/370"}],"wp:attachment":[{"href":"https:\/\/www.foerderkreis-cvo.de\/index.php?rest_route=%2Fwp%2Fv2%2Fmedia&parent=6"}],"curies":[{"name":"wp","href":"https:\/\/api.w.org\/{rel}","templated":true}]}}

<p>Der Förderkreis der <strong>Carl-von-Ossietzky-Schule</strong> e.V. gründete sich am 10. Januar 1996 und entstand aus der Idee heraus, dass ein Förderkreis durch regelmäßig eingehende  Mitgliedsbeiträge, die Schule mit zusätzlichen finanziellen Mitteln versorgen kann, dass er als <strong>Institution</strong> berechtigt ist, juristische Verträge zu schließen, wo die Schule selber oder der Schulelternbeirat (SEB) es nicht dürfen und dass er für alle Interessierten die Möglichkeit einer vielfältigen, kontinuierlichen Unterstützung der Carl-von-Ossietzky-Schule schafft.<br />
Derzeit hat der Förderkreis 140 Mitglieder (Anfang 2016). Die Mitgliederschaft setzt sich aus den Eltern der aktuell die Schule besuchenden Schülerinnen und Schüler, Lehrerinnen und Lehrer, auch vielen Eltern, deren Kinder die Schule nicht mehr besuchen und die bereit sind, weiterhin einen <strong>unterstützenden Beitrag</strong> zu leisten und zunehmend ehemalige Schüler und Schülerinnen, die sich für die Schule engagieren wollen, zusammen.<br />
Die <strong>fast 20 Jahre Geschichte</strong> des Förderkreises beweist, dass es viel zu tun gibt und vieles erreicht werden kann. Durch das Beitragsaufkommen und Spenden wurden in der Vergangenheit viele wichtige und nützliche Dinge angeschafft, auf die die Schule andernfalls hätte verzichten müssen:</p>
<p><strong>Technische Geräte</strong> wie Mikroskope, Videorecorder, Videoprojektor, Kamera, Drucker und eine Geschirrspülmaschine; darüber hinaus Ausstellungsvitrinen, Medienkoffer, Sport-Trikots und -Geräte, CDs, Plakataufsteller, fremdsprachige Zeitschriften und Bücher.</p>
<p>Konkret unterstützt der Förderkreis auch <strong>andere Projekte der Schule</strong>:</p>
<div id="attachment_267" style="width: 306px" class="wp-caption alignright"><img loading="lazy" decoding="async" aria-describedby="caption-attachment-267" class="size-medium wp-image-267" src="http://www.foerderkreis-cvo.de/wp-content/uploads/Bibliothek-296x300.jpg" alt="Die Bibliothek wird maßgeblich durch den Förderkreis unterstützt." width="296" height="300" srcset="https://www.foerderkreis-cvo.de/wp-content/uploads/Bibliothek-296x300.jpg 296w, https://www.foerderkreis-cvo.de/wp-content/uploads/Bibliothek-1010x1024.jpg 1010w" sizes="auto, (max-width: 296px) 100vw, 296px" /><p id="caption-attachment-267" class="wp-caption-text">Die Bibliothek wird maßgeblich durch den Förderkreis unterstützt.</p></div>
<ul>
<li><span style="font-family: Arial;">Wir unterstützen den <strong>Austausch mit der Partnerschule in Moskau</strong> und</span><span style="font-family: Arial;">ermöglichen es so Jahr für Jahr vielen Schülern spannende und nützliche Erfahrungen zu sammeln</span></li>
<li><span style="font-family: Arial;"><span style="font-family: Arial;">Wir leisten Unterstützung für den <strong>Israel-Austausch</strong> und sind besonders stolz, dieses außergewöhnliche Projekt fördern zu können.</span></span></li>
<li>Wir leisten einen erheblichen Beitrag um die Kosten für die <strong>Verdun-Fahrt</strong> für die Schüler gering zu halten.</li>
<li><span style="font-family: Arial;">Der Förderkreis übernimmt einen Teil der anfallenden Kosten für die Teilnahme am <strong>European School Network</strong>.</span></li>
<li><span style="font-family: Arial;">Die Aushilfe der <strong>Schulbibliothek</strong> wird vom Förderkreis entlohnt.</span></li>
</ul>
<p>&nbsp;</p>
<p>Neben der materiellen Unterstützung ist es eine wesentliche Aufgabe des Förderkreises <strong>Vertragspartner</strong> zu sein: Z. B. gegenüber den Vermietern der Räumlichkeiten des Abi-Balles oder gegenüber dem Arbeitsamt, während der zweijährigen Beschäftigung einer ABM-Kraft.</p>

<p>Der Förderkreis der Carl-von-Ossietzky-Schule e.V. gründete sich am 10. Januar 1996 und entstand aus der Idee heraus, dass ein Förderkreis durch regelmäßig eingehende  Mitgliedsbeiträge, die Schule mit zusätzlichen finanziellen Mitteln versorgen kann, dass er als Institution berechtigt ist, juristische Verträge &hellip; <a href="https://www.foerderkreis-cvo.de/?page_id=6">Weiterlesen <span class="meta-nav">&rarr;</span></a></p>
