{"id":34,"date":"2013-06-11T19:28:47","date_gmt":"2013-06-11T17:28:47","guid":{"rendered":"http:\/\/www.foerderkreis-cvo.de\/wordpress\/?page_id=34"},"modified":"2014-05-16T21:24:35","modified_gmt":"2014-05-16T19:24:35","slug":"die-schule","status":"publish","type":"page","link":"https:\/\/www.foerderkreis-cvo.de\/?page_id=34","title":{"rendered":"Die Schule"},"content":{"rendered":"<p style=\"text-align: right;\">Webseite CvO: <a href=\"http:\/\/www.cvossietzky.de\/\" target=\"_blank\">www.cvossietzky.de<\/a><\/p>\n<p>Die Carl-von-Ossietzky-Schule ist eine <strong>gymnasiale Oberstufenschule<\/strong>, die eine einj\u00e4hrige Einf\u00fchrungsphase (E1, E2) und eine zweij\u00e4hrige Qualifikationsphase (Q1 bis Q4) umfasst. Sie arbeitet zusammen mit jenen Schulen, von denen Sch\u00fcler\/innen aufgenommen werden.<\/p>\n<div id=\"attachment_67\" style=\"width: 235px\" class=\"wp-caption alignleft\"><a href=\"http:\/\/www.foerderkreis-cvo.de\/wp-content\/uploads\/stele.jpg\"><img loading=\"lazy\" decoding=\"async\" aria-describedby=\"caption-attachment-67\" class=\"size-medium wp-image-67 \" alt=\"Stele der Toleranz vor der Schule (2011)\" src=\"http:\/\/www.foerderkreis-cvo.de\/wp-content\/uploads\/stele-225x300.jpg\" width=\"225\" height=\"300\" srcset=\"https:\/\/www.foerderkreis-cvo.de\/wp-content\/uploads\/stele-225x300.jpg 225w, https:\/\/www.foerderkreis-cvo.de\/wp-content\/uploads\/stele.jpg 700w\" sizes=\"auto, (max-width: 225px) 100vw, 225px\" \/><\/a><p id=\"caption-attachment-67\" class=\"wp-caption-text\">Stele der Toleranz vor der Schule (2011)<\/p><\/div>\n<p>Die Carl-von-Ossietzky-Schule steht grunds\u00e4tzlich allen Sch\u00fclerinnen und Sch\u00fclern offen, die mit dem <strong>Abschluss der Mittelstufe<\/strong> die Eignung f\u00fcr den Besuch der gymnasialen Oberstufe erhalten, insbesondere also Absolventen von Gesamt- und Realschulen, ist aber auch f\u00fcr \u00dcberg\u00e4nge aus anderen Gymnasien offen. Zumeist sind hierf\u00fcr spezielle <strong>F\u00e4cherschwerpunkte<\/strong> ausschlaggebend oder <strong>Leistungskurskombinationen<\/strong>, die an der Herkunftsschule nicht angeboten werden.<\/p>\n<p><strong>Arbeitsgemeinschaften<\/strong><\/p>\n<p>Die Carl-von-Ossietzky-Schule bietet eine Reihe von Arbeitsgemeinschaften an. Derzeit gibt es eine Theater-AG, einen Schulchor, eine Schulband, eine naturwissenschaftliche AG sowie eine Gruppe \u201eKl\u00e4rungshilfe\u201c. Auch im Bogensport und im Bereich Kunst haben Zusatzangebote Tradition. Die Fachbereiche Musik und Kunst tragen durch <strong>Konzerte<\/strong> bzw. Ausstellungen immer wieder zur kulturellen Bereicherung des Schullebens bei.<br \/>\n<strong>Studienfahrten<\/strong> werden in den Leistungskursen der Qualifikationsphase angeboten. Allj\u00e4hrlich findet alternierend eine freie bzw. eine kursgebundene Projektwoche statt. Modellhaft werden Projekte und f\u00e4cher\u00fcbergreifender Unterricht auch au\u00dferhalb der Projektwoche durchgef\u00fchrt.<\/p>\n<p><strong>Schulpartnerschaften<\/strong><\/p>\n<p>Die Schule war 1986\/87 am<strong> ersten deutsch-sowjetischen Sch\u00fcleraustausch<\/strong> beteiligt. Daraus hat sich eine offiziell anerkannte Partnerschaft mit dem Linguistischen Gymnasium Nr.1513 in Moskau entwickelt. Jedes Jahr finden gegenseitig zweiw\u00f6chige Besuche statt. Dar\u00fcber hinaus k\u00f6nnen einzelne Sch\u00fclerinnen und Sch\u00fcler mit guten Russischkenntnissen auch an einem l\u00e4ngeren, bis zu dreimonatigen Austausch teilnehmen. Die an den verschiedenen Begegnungen beteiligten sowie ehemalige Sch\u00fclerinnen und Sch\u00fcler treffen sich zur Vorbereitung und zur weiteren Kontaktpflege. Die seit nunmehr <strong>25 Jahren bestehende\u00a0<\/strong><strong>Schu<\/strong><strong>lpartnerschaft<\/strong> wurde durch den Stadtverordnetenvorsteher besonders gew\u00fcrdigt, der Direktor und die (ehemalige) stellvertretende Schulleiterin des Moskauer Gymnasiums wurden durch den Oberb\u00fcrgermeister mit dem Ehrenbrief des Landes Hessen ausgezeichnet.<\/p>\n<p>&nbsp;<\/p>\n<div id=\"attachment_42\" style=\"width: 250px\" class=\"wp-caption alignright\"><a href=\"http:\/\/www.foerderkreis-cvo.de\/wp-content\/uploads\/israel1.jpg\"><img loading=\"lazy\" decoding=\"async\" aria-describedby=\"caption-attachment-42\" class=\" wp-image-42 \" alt=\"Gruppenfoto Israelaustausch 2013\" src=\"http:\/\/www.foerderkreis-cvo.de\/wp-content\/uploads\/israel1-300x198.jpg\" width=\"240\" height=\"158\" srcset=\"https:\/\/www.foerderkreis-cvo.de\/wp-content\/uploads\/israel1-300x198.jpg 300w, https:\/\/www.foerderkreis-cvo.de\/wp-content\/uploads\/israel1-1024x678.jpg 1024w, https:\/\/www.foerderkreis-cvo.de\/wp-content\/uploads\/israel1.jpg 2048w\" sizes=\"auto, (max-width: 240px) 100vw, 240px\" \/><\/a><p id=\"caption-attachment-42\" class=\"wp-caption-text\">Gruppenfoto Israelaustausch 2013<\/p><\/div>\n<p>Mit der <strong>Galili High School<\/strong> in der Wiesbadener Partnerstadt <strong>Kfar Sava \/ Israel\u00a0<\/strong>verbindet uns eine weitere, sehr lebendige Partnerschaft, ebenfalls mit einem regelm\u00e4\u00dfigen Austausch. Sie wurde 2005 durch den Bundespr\u00e4sidenten mit\u00a0einer Einladung nach Berlin ausgezeichnet und zu ihrem 20-j\u00e4hrigen Bestehen ebenfalls durch den Magistrat der Landeshauptstadt Wiesbaden besonders gew\u00fcrdigt.\u00a02009 ist die Schule dem <strong>European School Network<\/strong> (ESN) beigetreten, das unseren Sch\u00fclerinnen und Sch\u00fclern f\u00fcr die Dauer von einer bis acht Wochen kosteng\u00fcnstig einen individuellen Austausch mit Partnern in verschiedenen europ\u00e4ischen Staaten erm\u00f6glicht.<\/p>\n<p><strong>Berufs- und Studienorientierung<\/strong><\/p>\n<p>Der Vorbereitung auf den sp\u00e4teren <strong>Lebens- und Berufsweg<\/strong> kommt heutzutage eine immer st\u00e4rkere Bedeutung zu. Unsere Schule beteiligt sich an einer Vielzahl von Angeboten unterschiedlicher Institutionen (von der IHK bis zu den Hochschulen im Rhein-Main-Gebiet), um einen <strong>Einblick in Studium und Arbeitswelt<\/strong> zu erm\u00f6glichen, sie kooperiert mit der Arbeitsagentur und f\u00fchrt ferner Jahr f\u00fcr Jahr eigene Veranstaltungen mit Fachreferenten zur Berufsorientierung durch, so u.a. einen Berufsinformationstag mit \u00fcber 20 Fachleuten aus der Berufspraxis.<\/p>\n<p><strong>Wettbewerbe und Auszeichnungen\u00a0<\/strong><\/p>\n<p><b><\/b>Wiederholt haben sich Klassen, Kurse oder informelle Sch\u00fclergruppen am <strong>Leonardo-Wettbewerb<\/strong> der Wiesbaden-Stiftung beteiligt und wurden mit Preisen ausgezeichnet.\u00a02011 stellte unsere Schule die Sieger in zwei Kategorien und errang einen <strong>zweiten Platz<\/strong>. 2009 wurde die Carl-von-Ossietzky-Schule mit dem Leonardo-Schul-Award ausgezeichnet. Einzelne Sch\u00fcler wurden verschiedentlich von Stiftungen f\u00fcr ihre <strong>herausragenden Leistungen<\/strong> mit Preisen geehrt bzw. mit <strong>Stipendien<\/strong> ausgestattet.<\/p>\n<p><strong>Sonderveranstaltungen \/ Kooperationen<\/strong><\/p>\n<div id=\"attachment_261\" style=\"width: 310px\" class=\"wp-caption alignleft\"><img loading=\"lazy\" decoding=\"async\" aria-describedby=\"caption-attachment-261\" class=\"size-medium wp-image-261 \" alt=\"Theater an der Cvo\" src=\"http:\/\/www.foerderkreis-cvo.de\/wp-content\/uploads\/theater-300x231.jpg\" width=\"300\" height=\"231\" srcset=\"https:\/\/www.foerderkreis-cvo.de\/wp-content\/uploads\/theater-300x231.jpg 300w, https:\/\/www.foerderkreis-cvo.de\/wp-content\/uploads\/theater.jpg 776w\" sizes=\"auto, (max-width: 300px) 100vw, 300px\" \/><p id=\"caption-attachment-261\" class=\"wp-caption-text\">Theater an der Cvo<\/p><\/div>\n<p>F\u00fcr alle Jahrgangsstufen werden im Laufe des Jahres eine Vielzahl von <strong>Sonderveranstaltungen<\/strong> (u.a. Autorenlesungen, Theaterauff\u00fchrungen, Fachvortr\u00e4ge, Exkursionen) angeboten. Die Schule kooperiert dabei mit diversen Institutionen wie der Hochschule RheinMain, dem Hauptstaatsarchiv, dem Volksbildungswerk, der Landeszentrale f\u00fcr politische Bildung sowie Stiftungen der politischen Parteien. Die Naturwissenschaften stehen in Kontakt mit den benachbarten Hochschulen sowie einschl\u00e4gigen Firmen.<\/p>\n<p><strong> Und au\u00dferdem\u2026<\/strong><\/p>\n<p>W-Lan im ganzen Haus, Whiteboards in zahlreichen Klassenr\u00e4umen, Internetarbeitspl\u00e4tze in der Schulbibliothek und Aufenthaltsbereiche zur Stillarbeit. Zum Ausspannen gibt es den von der Sch\u00fclerschaft selbst gestalteten \u201eSchlaffi-Raum\u201c; ein Kiosk sorgt f\u00fcr Getr\u00e4nke- und Imbissangebote.<\/p>\n<p>Unser Oberstufengymnasium mit seiner breiten F\u00e4cherpalette erm\u00f6glicht unseren Sch\u00fclerinnen und Sch\u00fclern den \u00dcbergang in einen neuen schulischen Lebensabschnitt, es f\u00f6rdert die Entfaltung individueller Interessen und die Entwicklung eines eigenen Pers\u00f6nlichkeitsprofils. Mit knapp 500 Sch\u00fclerinnen und Sch\u00fclern sind wir die kleinste gymnasiale Einheit in Wiesbaden, eine Schule, in deren pers\u00f6nlicher Atmosph\u00e4re man sich wohlf\u00fchlen kann.<\/p>\n<p>&nbsp;<\/p>\n","protected":false},"excerpt":{"rendered":"<p>Webseite CvO: www.cvossietzky.de Die Carl-von-Ossietzky-Schule ist eine gymnasiale Oberstufenschule, die eine einj\u00e4hrige Einf\u00fchrungsphase (E1, E2) und eine zweij\u00e4hrige Qualifikationsphase (Q1 bis Q4) umfasst. Sie arbeitet zusammen mit jenen Schulen, von denen Sch\u00fcler\/innen aufgenommen werden. Die Carl-von-Ossietzky-Schule steht grunds\u00e4tzlich allen Sch\u00fclerinnen &hellip; <a href=\"https:\/\/www.foerderkreis-cvo.de\/?page_id=34\">Weiterlesen <span class=\"meta-nav\">&rarr;<\/span><\/a><\/p>\n","protected":false},"author":1,"featured_media":0,"parent":0,"menu_order":0,"comment_status":"closed","ping_status":"open","template":"","meta":{"footnotes":""},"class_list":["post-34","page","type-page","status-publish","hentry"],"_links":{"self":[{"href":"https:\/\/www.foerderkreis-cvo.de\/index.php?rest_route=\/wp\/v2\/pages\/34","targetHints":{"allow":["GET"]}}],"collection":[{"href":"https:\/\/www.foerderkreis-cvo.de\/index.php?rest_route=\/wp\/v2\/pages"}],"about":[{"href":"https:\/\/www.foerderkreis-cvo.de\/index.php?rest_route=\/wp\/v2\/types\/page"}],"author":[{"embeddable":true,"href":"https:\/\/www.foerderkreis-cvo.de\/index.php?rest_route=\/wp\/v2\/users\/1"}],"replies":[{"embeddable":true,"href":"https:\/\/www.foerderkreis-cvo.de\/index.php?rest_route=%2Fwp%2Fv2%2Fcomments&post=34"}],"version-history":[{"count":33,"href":"https:\/\/www.foerderkreis-cvo.de\/index.php?rest_route=\/wp\/v2\/pages\/34\/revisions"}],"predecessor-version":[{"id":263,"href":"https:\/\/www.foerderkreis-cvo.de\/index.php?rest_route=\/wp\/v2\/pages\/34\/revisions\/263"}],"wp:attachment":[{"href":"https:\/\/www.foerderkreis-cvo.de\/index.php?rest_route=%2Fwp%2Fv2%2Fmedia&parent=34"}],"curies":[{"name":"wp","href":"https:\/\/api.w.org\/{rel}","templated":true}]}}

<p style="text-align: right;">Webseite CvO: <a href="http://www.cvossietzky.de/" target="_blank">www.cvossietzky.de</a></p>
<p>Die Carl-von-Ossietzky-Schule ist eine <strong>gymnasiale Oberstufenschule</strong>, die eine einjährige Einführungsphase (E1, E2) und eine zweijährige Qualifikationsphase (Q1 bis Q4) umfasst. Sie arbeitet zusammen mit jenen Schulen, von denen Schüler/innen aufgenommen werden.</p>
<div id="attachment_67" style="width: 235px" class="wp-caption alignleft"><a href="http://www.foerderkreis-cvo.de/wp-content/uploads/stele.jpg"><img loading="lazy" decoding="async" aria-describedby="caption-attachment-67" class="size-medium wp-image-67 " alt="Stele der Toleranz vor der Schule (2011)" src="http://www.foerderkreis-cvo.de/wp-content/uploads/stele-225x300.jpg" width="225" height="300" srcset="https://www.foerderkreis-cvo.de/wp-content/uploads/stele-225x300.jpg 225w, https://www.foerderkreis-cvo.de/wp-content/uploads/stele.jpg 700w" sizes="auto, (max-width: 225px) 100vw, 225px" /></a><p id="caption-attachment-67" class="wp-caption-text">Stele der Toleranz vor der Schule (2011)</p></div>
<p>Die Carl-von-Ossietzky-Schule steht grundsätzlich allen Schülerinnen und Schülern offen, die mit dem <strong>Abschluss der Mittelstufe</strong> die Eignung für den Besuch der gymnasialen Oberstufe erhalten, insbesondere also Absolventen von Gesamt- und Realschulen, ist aber auch für Übergänge aus anderen Gymnasien offen. Zumeist sind hierfür spezielle <strong>Fächerschwerpunkte</strong> ausschlaggebend oder <strong>Leistungskurskombinationen</strong>, die an der Herkunftsschule nicht angeboten werden.</p>
<p><strong>Arbeitsgemeinschaften</strong></p>
<p>Die Carl-von-Ossietzky-Schule bietet eine Reihe von Arbeitsgemeinschaften an. Derzeit gibt es eine Theater-AG, einen Schulchor, eine Schulband, eine naturwissenschaftliche AG sowie eine Gruppe „Klärungshilfe“. Auch im Bogensport und im Bereich Kunst haben Zusatzangebote Tradition. Die Fachbereiche Musik und Kunst tragen durch <strong>Konzerte</strong> bzw. Ausstellungen immer wieder zur kulturellen Bereicherung des Schullebens bei.<br />
<strong>Studienfahrten</strong> werden in den Leistungskursen der Qualifikationsphase angeboten. Alljährlich findet alternierend eine freie bzw. eine kursgebundene Projektwoche statt. Modellhaft werden Projekte und fächerübergreifender Unterricht auch außerhalb der Projektwoche durchgeführt.</p>
<p><strong>Schulpartnerschaften</strong></p>
<p>Die Schule war 1986/87 am<strong> ersten deutsch-sowjetischen Schüleraustausch</strong> beteiligt. Daraus hat sich eine offiziell anerkannte Partnerschaft mit dem Linguistischen Gymnasium Nr.1513 in Moskau entwickelt. Jedes Jahr finden gegenseitig zweiwöchige Besuche statt. Darüber hinaus können einzelne Schülerinnen und Schüler mit guten Russischkenntnissen auch an einem längeren, bis zu dreimonatigen Austausch teilnehmen. Die an den verschiedenen Begegnungen beteiligten sowie ehemalige Schülerinnen und Schüler treffen sich zur Vorbereitung und zur weiteren Kontaktpflege. Die seit nunmehr <strong>25 Jahren bestehende </strong><strong>Schu</strong><strong>lpartnerschaft</strong> wurde durch den Stadtverordnetenvorsteher besonders gewürdigt, der Direktor und die (ehemalige) stellvertretende Schulleiterin des Moskauer Gymnasiums wurden durch den Oberbürgermeister mit dem Ehrenbrief des Landes Hessen ausgezeichnet.</p>
<p>&nbsp;</p>
<div id="attachment_42" style="width: 250px" class="wp-caption alignright"><a href="http://www.foerderkreis-cvo.de/wp-content/uploads/israel1.jpg"><img loading="lazy" decoding="async" aria-describedby="caption-attachment-42" class=" wp-image-42 " alt="Gruppenfoto Israelaustausch 2013" src="http://www.foerderkreis-cvo.de/wp-content/uploads/israel1-300x198.jpg" width="240" height="158" srcset="https://www.foerderkreis-cvo.de/wp-content/uploads/israel1-300x198.jpg 300w, https://www.foerderkreis-cvo.de/wp-content/uploads/israel1-1024x678.jpg 1024w, https://www.foerderkreis-cvo.de/wp-content/uploads/israel1.jpg 2048w" sizes="auto, (max-width: 240px) 100vw, 240px" /></a><p id="caption-attachment-42" class="wp-caption-text">Gruppenfoto Israelaustausch 2013</p></div>
<p>Mit der <strong>Galili High School</strong> in der Wiesbadener Partnerstadt <strong>Kfar Sava / Israel </strong>verbindet uns eine weitere, sehr lebendige Partnerschaft, ebenfalls mit einem regelmäßigen Austausch. Sie wurde 2005 durch den Bundespräsidenten mit einer Einladung nach Berlin ausgezeichnet und zu ihrem 20-jährigen Bestehen ebenfalls durch den Magistrat der Landeshauptstadt Wiesbaden besonders gewürdigt. 2009 ist die Schule dem <strong>European School Network</strong> (ESN) beigetreten, das unseren Schülerinnen und Schülern für die Dauer von einer bis acht Wochen kostengünstig einen individuellen Austausch mit Partnern in verschiedenen europäischen Staaten ermöglicht.</p>
<p><strong>Berufs- und Studienorientierung</strong></p>
<p>Der Vorbereitung auf den späteren <strong>Lebens- und Berufsweg</strong> kommt heutzutage eine immer stärkere Bedeutung zu. Unsere Schule beteiligt sich an einer Vielzahl von Angeboten unterschiedlicher Institutionen (von der IHK bis zu den Hochschulen im Rhein-Main-Gebiet), um einen <strong>Einblick in Studium und Arbeitswelt</strong> zu ermöglichen, sie kooperiert mit der Arbeitsagentur und führt ferner Jahr für Jahr eigene Veranstaltungen mit Fachreferenten zur Berufsorientierung durch, so u.a. einen Berufsinformationstag mit über 20 Fachleuten aus der Berufspraxis.</p>
<p><strong>Wettbewerbe und Auszeichnungen </strong></p>
<p><b></b>Wiederholt haben sich Klassen, Kurse oder informelle Schülergruppen am <strong>Leonardo-Wettbewerb</strong> der Wiesbaden-Stiftung beteiligt und wurden mit Preisen ausgezeichnet. 2011 stellte unsere Schule die Sieger in zwei Kategorien und errang einen <strong>zweiten Platz</strong>. 2009 wurde die Carl-von-Ossietzky-Schule mit dem Leonardo-Schul-Award ausgezeichnet. Einzelne Schüler wurden verschiedentlich von Stiftungen für ihre <strong>herausragenden Leistungen</strong> mit Preisen geehrt bzw. mit <strong>Stipendien</strong> ausgestattet.</p>
<p><strong>Sonderveranstaltungen / Kooperationen</strong></p>
<div id="attachment_261" style="width: 310px" class="wp-caption alignleft"><img loading="lazy" decoding="async" aria-describedby="caption-attachment-261" class="size-medium wp-image-261 " alt="Theater an der Cvo" src="http://www.foerderkreis-cvo.de/wp-content/uploads/theater-300x231.jpg" width="300" height="231" srcset="https://www.foerderkreis-cvo.de/wp-content/uploads/theater-300x231.jpg 300w, https://www.foerderkreis-cvo.de/wp-content/uploads/theater.jpg 776w" sizes="auto, (max-width: 300px) 100vw, 300px" /><p id="caption-attachment-261" class="wp-caption-text">Theater an der Cvo</p></div>
<p>Für alle Jahrgangsstufen werden im Laufe des Jahres eine Vielzahl von <strong>Sonderveranstaltungen</strong> (u.a. Autorenlesungen, Theateraufführungen, Fachvorträge, Exkursionen) angeboten. Die Schule kooperiert dabei mit diversen Institutionen wie der Hochschule RheinMain, dem Hauptstaatsarchiv, dem Volksbildungswerk, der Landeszentrale für politische Bildung sowie Stiftungen der politischen Parteien. Die Naturwissenschaften stehen in Kontakt mit den benachbarten Hochschulen sowie einschlägigen Firmen.</p>
<p><strong> Und außerdem…</strong></p>
<p>W-Lan im ganzen Haus, Whiteboards in zahlreichen Klassenräumen, Internetarbeitsplätze in der Schulbibliothek und Aufenthaltsbereiche zur Stillarbeit. Zum Ausspannen gibt es den von der Schülerschaft selbst gestalteten „Schlaffi-Raum“; ein Kiosk sorgt für Getränke- und Imbissangebote.</p>
<p>Unser Oberstufengymnasium mit seiner breiten Fächerpalette ermöglicht unseren Schülerinnen und Schülern den Übergang in einen neuen schulischen Lebensabschnitt, es fördert die Entfaltung individueller Interessen und die Entwicklung eines eigenen Persönlichkeitsprofils. Mit knapp 500 Schülerinnen und Schülern sind wir die kleinste gymnasiale Einheit in Wiesbaden, eine Schule, in deren persönlicher Atmosphäre man sich wohlfühlen kann.</p>
<p>&nbsp;</p>

<p>Webseite CvO: www.cvossietzky.de Die Carl-von-Ossietzky-Schule ist eine gymnasiale Oberstufenschule, die eine einjährige Einführungsphase (E1, E2) und eine zweijährige Qualifikationsphase (Q1 bis Q4) umfasst. Sie arbeitet zusammen mit jenen Schulen, von denen Schüler/innen aufgenommen werden. Die Carl-von-Ossietzky-Schule steht grundsätzlich allen Schülerinnen &hellip; <a href="https://www.foerderkreis-cvo.de/?page_id=34">Weiterlesen <span class="meta-nav">&rarr;</span></a></p>
