{"id":15,"date":"2013-06-10T19:50:22","date_gmt":"2013-06-10T17:50:22","guid":{"rendered":"http:\/\/www.foerderkreis-cvo.de\/wordpress\/?page_id=15"},"modified":"2025-09-15T19:04:53","modified_gmt":"2025-09-15T17:04:53","slug":"impressum","status":"publish","type":"page","link":"https:\/\/www.foerderkreis-cvo.de\/?page_id=15","title":{"rendered":"Impressum"},"content":{"rendered":"<p>Der <strong>F\u00f6rderkreis der Carl-von-Ossietzky-Schule\u00a0<\/strong>Oberstufengymnasium der Landeshauptstadt Wiesbaden\u00a0ist beim <strong>Amtsgericht Wiesbaden <\/strong>unter der<strong> Vereinsregisternummer: VR 3156 <\/strong>eingetragen.<\/p>\n<p>Er ist nach \u00a7 5 Abs. 1 Nr. 9 KStG von der K\u00f6rperschaftsteuer und nach \u00a7 3 Nr. 6 GewStG von der Gewerbesteuer befreit,\u00a0weil er ausschlie\u00dflich und unmittelbar steuerbeg\u00fcnstigten gemeinn\u00fctzigen Zwecken im Sinne der \u00a7\u00a7 51 ff. AO dient.<\/p>\n<p>Er ist zur Ausstellung von <strong>Zuwendungsbest\u00e4tigungen<\/strong> (Spendenbescheinigungen) auch f\u00fcr <strong>Mitgliedsbeitr\u00e4ge<\/strong> berechtigt, weil er dem gemeinn\u00fctzigen Zweck der <strong>Volks- und Berufsbildung<\/strong> dient (\u00a7 52 Abs. 2 Satz 1 Nr. 7 AO).<\/p>\n<p>F\u00fcr \u00dcberweisungen der Beitr\u00e4ge oder Spenden finden Sie hier die die Kontoverbindung bei der Wiesbadener Volksbank.<br \/>\n<strong>IBAN: <\/strong>DE90 5109 0000 <strong class=\"ng-star-inserted\">0070 5236 04<\/strong><br \/>\n<strong>BIC:<\/strong> WIBADE5W<\/p>\n<table id=\"table2\" style=\"height: 418px;\" border=\"0\" width=\"639\">\n<tbody>\n<tr>\n<td bgcolor=\"#c0c0c0\" width=\"343\"><b>Name (Funktion)<\/b><\/td>\n<td bgcolor=\"#c0c0c0\"><b>Kontakt<\/b><\/td>\n<\/tr>\n<tr>\n<td align=\"left\" valign=\"top\" width=\"343\"><\/td>\n<td align=\"left\" valign=\"top\"><\/td>\n<\/tr>\n<tr>\n<td align=\"left\" valign=\"top\" width=\"343\">Matthias Schwarze<br \/>\n(Erster Vorsitzender)<\/td>\n<td align=\"left\" valign=\"top\">\nE-Mail: <a href=\"mailto:info@foerderkreis-cvo.de\">info@foerderkreis-cvo.de<\/a><\/td>\n<\/tr>\n<tr>\n<td align=\"left\" valign=\"top\" width=\"343\">Katharina Kress<\/p>\n<p>(Zweite Vorsitzende)<\/td>\n<td align=\"left\" valign=\"top\">E-Mail: <a href=\"mailto:zweitervorsitz@foerderkreis-cvo.de\">zweitervorsitz@foerderkreis-cvo.de<\/a><\/td>\n<\/tr>\n<tr>\n<td align=\"left\" valign=\"top\" width=\"343\">Herbert Frohnhofen<br \/>\n(Kassierer)<\/td>\n<td align=\"left\" valign=\"top\">E-Mail: <a href=\"mailto:schatzmeister@foerderkreis-cvo.de\">schatzmeister@foerderkreis-cvo.de<\/a><\/td>\n<\/tr>\n<tr>\n<td align=\"left\" valign=\"top\" width=\"343\">Maria Nicolai<br \/>\n(Schriftf\u00fchrerin)<\/td>\n<td align=\"left\" valign=\"top\">E-Mail: <a href=\"mailto:schrift@foerderkreis-cvo.de\">schrift@foerderkreis-cvo.de<\/a><\/td>\n<\/tr>\n<\/tbody>\n<\/table>\n","protected":false},"excerpt":{"rendered":"<p>Der F\u00f6rderkreis der Carl-von-Ossietzky-Schule\u00a0Oberstufengymnasium der Landeshauptstadt Wiesbaden\u00a0ist beim Amtsgericht Wiesbaden unter der Vereinsregisternummer: VR 3156 eingetragen. Er ist nach \u00a7 5 Abs. 1 Nr. 9 KStG von der K\u00f6rperschaftsteuer und nach \u00a7 3 Nr. 6 GewStG von der Gewerbesteuer befreit,\u00a0weil &hellip; <a href=\"https:\/\/www.foerderkreis-cvo.de\/?page_id=15\">Weiterlesen <span class=\"meta-nav\">&rarr;<\/span><\/a><\/p>\n","protected":false},"author":1,"featured_media":0,"parent":0,"menu_order":0,"comment_status":"closed","ping_status":"open","template":"","meta":{"footnotes":""},"class_list":["post-15","page","type-page","status-publish","hentry"],"_links":{"self":[{"href":"https:\/\/www.foerderkreis-cvo.de\/index.php?rest_route=\/wp\/v2\/pages\/15","targetHints":{"allow":["GET"]}}],"collection":[{"href":"https:\/\/www.foerderkreis-cvo.de\/index.php?rest_route=\/wp\/v2\/pages"}],"about":[{"href":"https:\/\/www.foerderkreis-cvo.de\/index.php?rest_route=\/wp\/v2\/types\/page"}],"author":[{"embeddable":true,"href":"https:\/\/www.foerderkreis-cvo.de\/index.php?rest_route=\/wp\/v2\/users\/1"}],"replies":[{"embeddable":true,"href":"https:\/\/www.foerderkreis-cvo.de\/index.php?rest_route=%2Fwp%2Fv2%2Fcomments&post=15"}],"version-history":[{"count":25,"href":"https:\/\/www.foerderkreis-cvo.de\/index.php?rest_route=\/wp\/v2\/pages\/15\/revisions"}],"predecessor-version":[{"id":774,"href":"https:\/\/www.foerderkreis-cvo.de\/index.php?rest_route=\/wp\/v2\/pages\/15\/revisions\/774"}],"wp:attachment":[{"href":"https:\/\/www.foerderkreis-cvo.de\/index.php?rest_route=%2Fwp%2Fv2%2Fmedia&parent=15"}],"curies":[{"name":"wp","href":"https:\/\/api.w.org\/{rel}","templated":true}]}}